{"id":13,"date":"2025-08-18T13:39:20","date_gmt":"2025-08-18T13:39:20","guid":{"rendered":"https:\/\/retsstatenellerministerbiler.dk\/?page_id=13"},"modified":"2025-08-18T17:17:43","modified_gmt":"2025-08-18T15:17:43","slug":"retsstaten-eller-ministerbiler","status":"publish","type":"page","link":"https:\/\/retsstatenellerministerbiler.dk\/","title":{"rendered":"Retsstaten eller ministerbiler?"},"content":{"rendered":"\t\t<div data-elementor-type=\"wp-page\" data-elementor-id=\"13\" class=\"elementor elementor-13\">\n\t\t\t\t<article class=\"elementor-element elementor-element-4f44822 e-flex e-con-boxed e-con e-parent\" data-id=\"4f44822\" data-element_type=\"container\" data-e-type=\"container\">\n\t\t\t\t\t<div class=\"e-con-inner\">\n\t\t\t\t<div class=\"elementor-element elementor-element-41c6b21 elementor-widget elementor-widget-video\" data-id=\"41c6b21\" data-element_type=\"widget\" data-e-type=\"widget\" data-settings=\"{&quot;youtube_url&quot;:&quot;https:\\\/\\\/youtu.be\\\/xfeggLbglFM&quot;,&quot;loop&quot;:&quot;yes&quot;,&quot;image_overlay&quot;:{&quot;url&quot;:&quot;https:\\\/\\\/retsstatenellerministerbiler.dk\\\/wp-content\\\/uploads\\\/2025\\\/08\\\/Retsstaten-eller-ministerbiler-Thumbnail-1080x1080-1.webp&quot;,&quot;id&quot;:40,&quot;size&quot;:&quot;&quot;,&quot;alt&quot;:&quot;Retsstaten eller ministerbiler - Thumbnail 1080x1080&quot;,&quot;source&quot;:&quot;library&quot;},&quot;show_image_overlay&quot;:&quot;yes&quot;,&quot;video_type&quot;:&quot;youtube&quot;}\" data-widget_type=\"video.default\">\n\t\t\t\t\t\t\t<div class=\"elementor-wrapper elementor-open-inline\">\n\t\t\t<div class=\"elementor-video\"><\/div>\t\t\t\t<div class=\"elementor-custom-embed-image-overlay\" style=\"background-image: url(https:\/\/retsstatenellerministerbiler.dk\/wp-content\/uploads\/2025\/08\/Retsstaten-eller-ministerbiler-Thumbnail-1080x1080-1.webp);\">\n\t\t\t\t\t\t\t\t\t\t\t\t\t\t\t\t<div class=\"elementor-custom-embed-play\" role=\"button\" aria-label=\"Afspil video om Retsstaten eller ministerbiler - Thumbnail 1080x1080\" tabindex=\"0\">\n\t\t\t\t\t\t\t<svg aria-hidden=\"true\" class=\"e-font-icon-svg e-eicon-play\" viewBox=\"0 0 1000 1000\" xmlns=\"http:\/\/www.w3.org\/2000\/svg\"><path d=\"M838 162C746 71 633 25 500 25 371 25 258 71 163 162 71 254 25 367 25 500 25 633 71 746 163 837 254 929 367 979 500 979 633 979 746 933 838 837 929 746 975 633 975 500 975 367 929 254 838 162M808 192C892 279 933 379 933 500 933 621 892 725 808 808 725 892 621 938 500 938 379 938 279 896 196 808 113 725 67 621 67 500 67 379 108 279 196 192 279 108 383 62 500 62 621 62 721 108 808 192M438 392V642L642 517 438 392Z\"><\/path><\/svg>\t\t\t\t\t\t<\/div>\n\t\t\t\t\t\t\t\t\t<\/div>\n\t\t\t\t\t<\/div>\n\t\t\t\t\t\t<\/div>\n\t\t\t\t<div class=\"elementor-element elementor-element-da183d6 elementor-widget elementor-widget-heading\" data-id=\"da183d6\" data-element_type=\"widget\" data-e-type=\"widget\" data-widget_type=\"heading.default\">\n\t\t\t\t\t<h1 class=\"elementor-heading-title elementor-size-default\"><a href=\"https:\/\/facebook.com\/polnytdk\" target=\"_blank\" rel=\"noopener\">Venstre valgte ministerbiler<br \/> frem for retsstaten<\/a><\/h1>\t\t\t\t<\/div>\n\t\t\t\t<div class=\"elementor-element elementor-element-16a034c elementor-widget elementor-widget-heading\" data-id=\"16a034c\" data-element_type=\"widget\" data-e-type=\"widget\" data-widget_type=\"heading.default\">\n\t\t\t\t\t<span class=\"elementor-heading-title elementor-size-default\"><a href=\"https:\/\/facebook.com\/polnytdk\" target=\"_blank\" rel=\"noopener\">polnyt.dk - borgerlig borgerjournalistik<\/a><\/span>\t\t\t\t<\/div>\n\t\t\t\t<div class=\"elementor-element elementor-element-f665e93 elementor-widget elementor-widget-spacer\" data-id=\"f665e93\" data-element_type=\"widget\" data-e-type=\"widget\" data-widget_type=\"spacer.default\">\n\t\t\t\t\t\t\t<div class=\"elementor-spacer\">\n\t\t\t<div class=\"elementor-spacer-inner\"><\/div>\n\t\t<\/div>\n\t\t\t\t\t\t<\/div>\n\t\t\t\t\t<\/div>\n\t\t\t\t<\/article>\n\t\t\t\t<\/div>\n\t\t","protected":false},"excerpt":{"rendered":"<p>Venstre og Morten Dahlin stillede f\u00f8r valget sp\u00f8rgsm\u00e5let: retsstaten eller ministerbiler? Efter valget valgte Venstre bestikkelse i form af ministerbiler fra Mette Frederiksen.<\/p>\n","protected":false},"author":1,"featured_media":0,"parent":0,"menu_order":0,"comment_status":"closed","ping_status":"closed","template":"elementor_canvas","meta":{"iawp_total_views":353,"footnotes":""},"class_list":["post-13","page","type-page","status-publish","hentry"],"_links":{"self":[{"href":"https:\/\/retsstatenellerministerbiler.dk\/index.php\/wp-json\/wp\/v2\/pages\/13","targetHints":{"allow":["GET"]}}],"collection":[{"href":"https:\/\/retsstatenellerministerbiler.dk\/index.php\/wp-json\/wp\/v2\/pages"}],"about":[{"href":"https:\/\/retsstatenellerministerbiler.dk\/index.php\/wp-json\/wp\/v2\/types\/page"}],"author":[{"embeddable":true,"href":"https:\/\/retsstatenellerministerbiler.dk\/index.php\/wp-json\/wp\/v2\/users\/1"}],"replies":[{"embeddable":true,"href":"https:\/\/retsstatenellerministerbiler.dk\/index.php\/wp-json\/wp\/v2\/comments?post=13"}],"version-history":[{"count":103,"href":"https:\/\/retsstatenellerministerbiler.dk\/index.php\/wp-json\/wp\/v2\/pages\/13\/revisions"}],"predecessor-version":[{"id":120,"href":"https:\/\/retsstatenellerministerbiler.dk\/index.php\/wp-json\/wp\/v2\/pages\/13\/revisions\/120"}],"wp:attachment":[{"href":"https:\/\/retsstatenellerministerbiler.dk\/index.php\/wp-json\/wp\/v2\/media?parent=13"}],"curies":[{"name":"wp","href":"https:\/\/api.w.org\/{rel}","templated":true}]}}